{"id":9,"date":"2013-06-03T21:17:10","date_gmt":"2013-06-03T19:17:10","guid":{"rendered":"http:\/\/www.argobilradio.se\/wordpress\/?page_id=9"},"modified":"2024-12-15T22:19:40","modified_gmt":"2024-12-15T21:19:40","slug":"stoldskydd","status":"publish","type":"page","link":"http:\/\/www.argobilradio.se\/?page_id=9","title":{"rendered":"Billarm"},"content":{"rendered":"\n<h1 class=\"wp-block-heading\">Vi s\u00e4ljer, monterar och reparerar billarm i Stockholmsomr\u00e5det<\/h1>\n\n\n\n<p class=\"has-text-align-left\"><span style=\"font-family: Arial;\">&nbsp;De larm som monteras&nbsp;\u00e4r godk\u00e4nda av st\u00f6ldskyddsf\u00f6reningen.&nbsp;&nbsp;&nbsp;&nbsp;&nbsp;&nbsp;&nbsp;&nbsp;&nbsp;&nbsp;&nbsp;&nbsp;&nbsp;&nbsp;&nbsp;&nbsp;&nbsp;&nbsp;&nbsp;&nbsp; <\/span><\/p>\n\n\n\n<figure class=\"wp-block-image\"><a href=\"http:\/\/www.argobilradio.se\/wp-content\/uploads\/defalogo.jpg\"><img loading=\"lazy\" decoding=\"async\" width=\"127\" height=\"112\" src=\"http:\/\/www.argobilradio.se\/wp-content\/uploads\/defalogo.jpg\" alt=\"defalogo\" class=\"wp-image-152\"\/><\/a><\/figure>\n\n\n\n<figure class=\"wp-block-image\"><a href=\"http:\/\/www.argobilradio.se\/wp-content\/uploads\/logocargard.jpg\"><img loading=\"lazy\" decoding=\"async\" width=\"126\" height=\"135\" src=\"http:\/\/www.argobilradio.se\/wp-content\/uploads\/logocargard.jpg\" alt=\"logocargard\" class=\"wp-image-154\"\/><\/a><\/figure>\n\n\n\n<p class=\"has-text-align-left\"><span style=\"color: #ffffff; font-family: Arial;\">&nbsp;&nbsp;&nbsp;&nbsp;&nbsp;&nbsp;&nbsp;&nbsp;&nbsp;&nbsp;&nbsp;&nbsp;&nbsp;&nbsp;&nbsp;&nbsp;&nbsp;&nbsp;&nbsp;&nbsp;&nbsp;&nbsp;&nbsp;&nbsp;&nbsp;&nbsp;&nbsp;&nbsp;&nbsp;<span style=\"color: #ffffff; font-family: Arial;\"><\/span>&nbsp;&nbsp;&nbsp;&nbsp;&nbsp;&nbsp;&nbsp;&nbsp;&nbsp;&nbsp;&nbsp;&nbsp;&nbsp;&nbsp;&nbsp;&nbsp;&nbsp;&nbsp;&nbsp;&nbsp;&nbsp;&nbsp;&nbsp;<\/span><\/p>\n\n\n\n<p>Erfarenhet och statistik visar att billarm avskr\u00e4cker tjuven och g\u00f6r s\u00e5 att b\u00e5de du och bilen \u00e4r trygga.\u00a0\u00a0\u00a0\u00a0\u00a0\u00a0\u00a0\u00a0\u00a0\u00a0\u00a0\u00a0\u00a0\u00a0\u00a0\u00a0\u00a0\u00a0\u00a0\u00a0\u00a0\u00a0\u00a0\u00a0\u00a0\u00a0\u00a0\u00a0\u00a0\u00a0\u00a0\u00a0\u00a0\u00a0\u00a0\u00a0\u00a0\u00a0\u00a0 \u00a0\u00a0\u00a0\u00a0\u00a0\u00a0\u00a0\u00a0\u00a0\u00a0\u00a0\u00a0\u00a0\u00a0\u00a0\u00a0\u00a0\u00a0\u00a0\u00a0\u00a0\u00a0\u00a0\u00a0\u00a0\u00a0\u00a0\u00a0\u00a0\u00a0\u00a0\u00a0\u00a0\u00a0\u00a0\u00a0\u00a0\u00a0\u00a0\u00a0\u00a0\u00a0\u00a0\u00a0\u00a0\u00a0\u00a0\u00a0\u00a0\u00a0\u00a0\u00a0\u00a0\u00a0\u00a0\u00a0\u00a0\u00a0\u00a0\u00a0\u00a0\u00a0\u00a0\u00a0\u00a0\u00a0\u00a0\u00a0\u00a0\u00a0\u00a0\u00a0\u00a0\u00a0\u00a0\u00a0\u00a0\u00a0\u00a0\u00a0\u00a0\u00a0\u00a0\u00a0\u00a0\u00a0\u00a0\u00a0\u00a0\u00a0\u00a0<\/p>\n\n\n\n<p>Med \u00f6ver 20 \u00e5rs erfarenhet av billarm \u00e4r DEFA en av marknadsledarna i Europa.\u00a0En startsp\u00e4rr skyddar bara mot st\u00f6ld av hela bilen och inte mot inbrott, vilket ett billarm g\u00f6r.<\/p>\n\n\n\n<p><strong>T\u00e4nk p\u00e5 att tjuvar v\u00e4ljer bilar utan larm!<\/strong><\/p>\n\n\n\n<p><strong><span style=\"color: #000000;\">Prisexempel\u00a0\u00a0\u00a0\u00a0\u00a0\u00a0\u00a0\u00a0\u00a0\u00a0\u00a0\u00a0Defa DVS90<\/span><\/strong> inkl. montage, fr\u00e5n 8 500:-<\/p>\n\n\n\n<p> (larmet \u00e4r CAN-busstyrt och kopplas till originalfj\u00e4rren)<\/p>\n\n\n\n<p>Enbart larm, 4 800:-<a href=\"http:\/\/www.argobilradio.se\/wp-content\/uploads\/DVS90_980px_01.jpg\"><img loading=\"lazy\" decoding=\"async\" width=\"157\" height=\"124\" class=\"alignnone size-thumbnail wp-image-140\" src=\"http:\/\/www.argobilradio.se\/wp-content\/uploads\/DVS90_980px_01-150x150.jpg\" alt=\"DVS90_980px_01\"><\/a><\/p>\n\n\n\n<p>Billarmet g\u00e5r att komplettera med uppringare, niv\u00e5sensor (f\u00e4lgar), cab-detektor&#8230;<\/p>\n\n\n\n<p>F\u00f6r pris; maila <a href=\"mailto:helena.argo@telia.com\">helena@argobilradion.se<\/a>\u00a0eller ring 08-869000<\/p>\n\n\n\n<p class=\"has-text-align-left\">&nbsp;<span style=\"font-family: Arial;\">Vi reparerar \u00e4ven Car Gard,&nbsp;Cobra, Defa, <\/span><span style=\"font-family: Arial;\">TouchGard, Texalarm med flera.<\/span><\/p>\n\n\n\n<p class=\"has-text-align-left\"><span style=\"font-family: Arial;\"> Fj\u00e4rrkontroller kodar vi mot din bil medans ni v\u00e4ntar. Ring f\u00f6rst.<\/span><\/p>\n\n\n\n<figure class=\"wp-block-image\"><a href=\"http:\/\/www.argobilradio.se\/wp-content\/uploads\/cargardfj\u00e4rr.jpg\"><img loading=\"lazy\" decoding=\"async\" width=\"150\" height=\"150\" src=\"http:\/\/www.argobilradio.se\/wp-content\/uploads\/cargardfj\u00e4rr-150x150.jpg\" alt=\"cargardfj\u00e4rr\" class=\"wp-image-145\"\/><\/a><\/figure>\n\n\n\n<figure class=\"wp-block-image\"><a href=\"http:\/\/www.argobilradio.se\/wp-content\/uploads\/cobra.jpg\"><img loading=\"lazy\" decoding=\"async\" width=\"111\" height=\"111\" src=\"http:\/\/www.argobilradio.se\/wp-content\/uploads\/cobra.jpg\" alt=\"cobra\" class=\"wp-image-148\"\/><\/a><\/figure>\n\n\n\n<figure class=\"wp-block-image\"><a href=\"http:\/\/www.argobilradio.se\/wp-content\/uploads\/defa.jpg\"><img loading=\"lazy\" decoding=\"async\" width=\"89\" height=\"124\" src=\"http:\/\/www.argobilradio.se\/wp-content\/uploads\/defa.jpg\" alt=\"defa\" class=\"wp-image-150\"\/><\/a><\/figure>\n\n\n\n<p class=\"has-text-align-left\"><span style=\"font-family: Arial;\"><\/span><\/p>\n","protected":false},"excerpt":{"rendered":"<p>Vi s\u00e4ljer, monterar och reparerar billarm i Stockholmsomr\u00e5det &nbsp;De larm som monteras&nbsp;\u00e4r godk\u00e4nda av st\u00f6ldskyddsf\u00f6reningen.&nbsp;&nbsp;&nbsp;&nbsp;&nbsp;&nbsp;&nbsp;&nbsp;&nbsp;&nbsp;&nbsp;&nbsp;&nbsp;&nbsp;&nbsp;&nbsp;&nbsp;&nbsp;&nbsp;&nbsp; &nbsp;&nbsp;&nbsp;&nbsp;&nbsp;&nbsp;&nbsp;&nbsp;&nbsp;&nbsp;&nbsp;&nbsp;&nbsp;&nbsp;&nbsp;&nbsp;&nbsp;&nbsp;&nbsp;&nbsp;&nbsp;&nbsp;&nbsp;&nbsp;&nbsp;&nbsp;&nbsp;&nbsp;&nbsp;&nbsp;&nbsp;&nbsp;&nbsp;&nbsp;&nbsp;&nbsp;&nbsp;&nbsp;&nbsp;&nbsp;&nbsp;&nbsp;&nbsp;&nbsp;&nbsp;&nbsp;&nbsp;&nbsp;&nbsp;&nbsp;&nbsp;&nbsp; Erfarenhet och statistik visar att billarm avskr\u00e4cker tjuven och g\u00f6r s\u00e5 att b\u00e5de du och bilen \u00e4r trygga.\u00a0\u00a0\u00a0\u00a0\u00a0\u00a0\u00a0\u00a0\u00a0\u00a0\u00a0\u00a0\u00a0\u00a0\u00a0\u00a0\u00a0\u00a0\u00a0\u00a0\u00a0\u00a0\u00a0\u00a0\u00a0\u00a0\u00a0\u00a0\u00a0\u00a0\u00a0\u00a0\u00a0\u00a0\u00a0\u00a0\u00a0\u00a0\u00a0 \u00a0\u00a0\u00a0\u00a0\u00a0\u00a0\u00a0\u00a0\u00a0\u00a0\u00a0\u00a0\u00a0\u00a0\u00a0\u00a0\u00a0\u00a0\u00a0\u00a0\u00a0\u00a0\u00a0\u00a0\u00a0\u00a0\u00a0\u00a0\u00a0\u00a0\u00a0\u00a0\u00a0\u00a0\u00a0\u00a0\u00a0\u00a0\u00a0\u00a0\u00a0\u00a0\u00a0\u00a0\u00a0\u00a0\u00a0\u00a0\u00a0\u00a0\u00a0\u00a0\u00a0\u00a0\u00a0\u00a0\u00a0\u00a0\u00a0\u00a0\u00a0\u00a0\u00a0\u00a0\u00a0\u00a0\u00a0\u00a0\u00a0\u00a0\u00a0\u00a0\u00a0\u00a0\u00a0\u00a0\u00a0\u00a0\u00a0\u00a0\u00a0\u00a0\u00a0\u00a0\u00a0\u00a0\u00a0\u00a0\u00a0\u00a0\u00a0 Med \u00f6ver 20 \u00e5rs erfarenhet av billarm \u00e4r DEFA en av marknadsledarna i Europa.\u00a0En startsp\u00e4rr skyddar bara mot st\u00f6ld av [&hellip;]<\/p>\n","protected":false},"author":1,"featured_media":0,"parent":0,"menu_order":0,"comment_status":"closed","ping_status":"closed","template":"","meta":{"footnotes":""},"class_list":["post-9","page","type-page","status-publish","hentry"],"_links":{"self":[{"href":"http:\/\/www.argobilradio.se\/index.php?rest_route=\/wp\/v2\/pages\/9","targetHints":{"allow":["GET"]}}],"collection":[{"href":"http:\/\/www.argobilradio.se\/index.php?rest_route=\/wp\/v2\/pages"}],"about":[{"href":"http:\/\/www.argobilradio.se\/index.php?rest_route=\/wp\/v2\/types\/page"}],"author":[{"embeddable":true,"href":"http:\/\/www.argobilradio.se\/index.php?rest_route=\/wp\/v2\/users\/1"}],"replies":[{"embeddable":true,"href":"http:\/\/www.argobilradio.se\/index.php?rest_route=%2Fwp%2Fv2%2Fcomments&post=9"}],"version-history":[{"count":48,"href":"http:\/\/www.argobilradio.se\/index.php?rest_route=\/wp\/v2\/pages\/9\/revisions"}],"predecessor-version":[{"id":282,"href":"http:\/\/www.argobilradio.se\/index.php?rest_route=\/wp\/v2\/pages\/9\/revisions\/282"}],"wp:attachment":[{"href":"http:\/\/www.argobilradio.se\/index.php?rest_route=%2Fwp%2Fv2%2Fmedia&parent=9"}],"curies":[{"name":"wp","href":"https:\/\/api.w.org\/{rel}","templated":true}]}}